[INFO] cloning repository https://github.com/miquels/async-wait-test
[INFO] running `Command { std: "git" "-c" "credential.helper=" "-c" "credential.helper=/workspace/cargo-home/bin/git-credential-null" "clone" "--bare" "https://github.com/miquels/async-wait-test" "/workspace/cache/git-repos/https%3A%2F%2Fgithub.com%2Fmiquels%2Fasync-wait-test", kill_on_drop: false }`
[INFO] [stderr] Cloning into bare repository '/workspace/cache/git-repos/https%3A%2F%2Fgithub.com%2Fmiquels%2Fasync-wait-test'...
[INFO] running `Command { std: "git" "rev-parse" "HEAD", kill_on_drop: false }`
[INFO] [stdout] c6a603f8ceb86f784011b00f58296ba5b3b9f70f
[INFO] checking miquels/async-wait-test against try#72f88fc4e9458f89516a0b8b0868f3718aec5b47 for pr-74989
[INFO] running `Command { std: "git" "clone" "/workspace/cache/git-repos/https%3A%2F%2Fgithub.com%2Fmiquels%2Fasync-wait-test" "/workspace/builds/worker-5/source", kill_on_drop: false }`
[INFO] [stderr] Cloning into '/workspace/builds/worker-5/source'...
[INFO] [stderr] done.
[INFO] validating manifest of git repo https://github.com/miquels/async-wait-test on toolchain 72f88fc4e9458f89516a0b8b0868f3718aec5b47
[INFO] running `Command { std: "/workspace/cargo-home/bin/cargo" "+72f88fc4e9458f89516a0b8b0868f3718aec5b47" "read-manifest" "--manifest-path" "Cargo.toml", kill_on_drop: false }`
[INFO] started tweaking git repo https://github.com/miquels/async-wait-test
[INFO] finished tweaking git repo https://github.com/miquels/async-wait-test
[INFO] tweaked toml for git repo https://github.com/miquels/async-wait-test written to /workspace/builds/worker-5/source/Cargo.toml
[INFO] crate git repo https://github.com/miquels/async-wait-test already has a lockfile, it will not be regenerated
[INFO] running `Command { std: "/workspace/cargo-home/bin/cargo" "+72f88fc4e9458f89516a0b8b0868f3718aec5b47" "fetch" "--locked" "--manifest-path" "Cargo.toml", kill_on_drop: false }`
[INFO] running `Command { std: "docker" "create" "-v" "/var/lib/crater-agent-workspace/builds/worker-5/target:/opt/rustwide/target:rw,Z" "-v" "/var/lib/crater-agent-workspace/builds/worker-5/source:/opt/rustwide/workdir:ro,Z" "-v" "/var/lib/crater-agent-workspace/cargo-home:/opt/rustwide/cargo-home:ro,Z" "-v" "/var/lib/crater-agent-workspace/rustup-home:/opt/rustwide/rustup-home:ro,Z" "-e" "SOURCE_DIR=/opt/rustwide/workdir" "-e" "CARGO_TARGET_DIR=/opt/rustwide/target" "-e" "CARGO_HOME=/opt/rustwide/cargo-home" "-e" "RUSTUP_HOME=/opt/rustwide/rustup-home" "-w" "/opt/rustwide/workdir" "-m" "1610612736" "--user" "0:0" "--network" "none" "rustops/crates-build-env@sha256:d92eaeed33fa75130ca1ee6c8a01d1ffb62bac859dfdfb3450e3e5d1c0146529" "/opt/rustwide/cargo-home/bin/cargo" "+72f88fc4e9458f89516a0b8b0868f3718aec5b47" "metadata" "--no-deps" "--format-version=1", kill_on_drop: false }`
[INFO] [stdout] 051cbf0456d4a7327fe6b3e00f7481dfa9e49ead4d3ee25860e0cf68802a58d4
[INFO] [stderr] WARNING: Your kernel does not support swap limit capabilities or the cgroup is not mounted. Memory limited without swap.
[INFO] running `Command { std: "docker" "start" "-a" "051cbf0456d4a7327fe6b3e00f7481dfa9e49ead4d3ee25860e0cf68802a58d4", kill_on_drop: false }`
[INFO] running `Command { std: "docker" "inspect" "051cbf0456d4a7327fe6b3e00f7481dfa9e49ead4d3ee25860e0cf68802a58d4", kill_on_drop: false }`
[INFO] running `Command { std: "docker" "rm" "-f" "051cbf0456d4a7327fe6b3e00f7481dfa9e49ead4d3ee25860e0cf68802a58d4", kill_on_drop: false }`
[INFO] [stdout] 051cbf0456d4a7327fe6b3e00f7481dfa9e49ead4d3ee25860e0cf68802a58d4
[INFO] running `Command { std: "docker" "create" "-v" "/var/lib/crater-agent-workspace/builds/worker-5/target:/opt/rustwide/target:rw,Z" "-v" "/var/lib/crater-agent-workspace/builds/worker-5/source:/opt/rustwide/workdir:ro,Z" "-v" "/var/lib/crater-agent-workspace/cargo-home:/opt/rustwide/cargo-home:ro,Z" "-v" "/var/lib/crater-agent-workspace/rustup-home:/opt/rustwide/rustup-home:ro,Z" "-e" "SOURCE_DIR=/opt/rustwide/workdir" "-e" "CARGO_TARGET_DIR=/opt/rustwide/target" "-e" "CARGO_INCREMENTAL=0" "-e" "RUST_BACKTRACE=full" "-e" "RUSTFLAGS=--cap-lints=forbid" "-e" "CARGO_HOME=/opt/rustwide/cargo-home" "-e" "RUSTUP_HOME=/opt/rustwide/rustup-home" "-w" "/opt/rustwide/workdir" "-m" "1610612736" "--user" "0:0" "--network" "none" "rustops/crates-build-env@sha256:d92eaeed33fa75130ca1ee6c8a01d1ffb62bac859dfdfb3450e3e5d1c0146529" "/opt/rustwide/cargo-home/bin/cargo" "+72f88fc4e9458f89516a0b8b0868f3718aec5b47" "check" "--frozen" "--all" "--all-targets" "--message-format=json", kill_on_drop: false }`
[INFO] [stdout] 027fc94ce5e79d69f75843312c6f18f25bb7cb46828f72e3ed04e6d60a203e4b
[INFO] [stderr] WARNING: Your kernel does not support swap limit capabilities or the cgroup is not mounted. Memory limited without swap.
[INFO] running `Command { std: "docker" "start" "-a" "027fc94ce5e79d69f75843312c6f18f25bb7cb46828f72e3ed04e6d60a203e4b", kill_on_drop: false }`
[INFO] [stderr]    Compiling libc v0.2.48
[INFO] [stderr]     Checking rand_core v0.4.0
[INFO] [stderr]    Compiling autocfg v0.1.2
[INFO] [stderr]    Compiling byteorder v1.3.1
[INFO] [stderr]     Checking slab v0.4.2
[INFO] [stderr]     Checking scopeguard v0.3.3
[INFO] [stderr]     Checking stable_deref_trait v1.1.1
[INFO] [stderr]    Compiling arrayvec v0.4.10
[INFO] [stderr]    Compiling proc-macro2 v0.4.27
[INFO] [stderr]     Checking lazycell v1.2.1
[INFO] [stderr]    Compiling unicode-xid v0.1.0
[INFO] [stderr]     Checking memoffset v0.2.1
[INFO] [stderr]    Compiling proc-macro-nested v0.1.2
[INFO] [stderr]    Compiling memchr v2.2.0
[INFO] [stderr]     Checking fnv v1.0.6
[INFO] [stderr]     Checking ucd-util v0.1.3
[INFO] [stderr]    Compiling httparse v1.3.3
[INFO] [stderr]     Checking pin-utils v0.1.0-alpha.4
[INFO] [stderr]     Checking itoa v0.4.3
[INFO] [stderr]     Checking utf8-ranges v1.0.2
[INFO] [stderr]     Checking try-lock v0.2.2
[INFO] [stderr]     Checking string v0.1.3
[INFO] [stderr]     Checking indexmap v1.0.2
[INFO] [stderr]     Checking log v0.4.6
[INFO] [stderr]     Checking tokio-sync v0.1.1
[INFO] [stderr]     Checking crossbeam-utils v0.6.5
[INFO] [stderr]     Checking futures-core-preview v0.3.0-alpha.13
[INFO] [stderr]     Checking owning_ref v0.4.0
[INFO] [stderr]     Checking regex-syntax v0.6.5
[INFO] [stderr]     Checking humantime v1.2.0
[INFO] [stderr]     Checking rand_core v0.3.1
[INFO] [stderr]     Checking rand_jitter v0.1.3
[INFO] [stdout] error[E0053]: method `poll` has an incompatible type for trait
[INFO] [stdout]   --> /opt/rustwide/cargo-home/registry/src/github.com-1ecc6299db9ec823/futures-core-preview-0.3.0-alpha.13/src/future/future_obj.rs:64:5
[INFO] [stdout]    |
[INFO] [stdout] 64 |     fn poll(self: Pin<&mut Self>, waker: &Waker) -> Poll<T> {
[INFO] [stdout]    |     ^^^^^^^^^^^^^^^^^^^^^^^^^^^^^^^^^^^^^^^^^^^^^^^^^^^^^^^ types differ in mutability
[INFO] [stdout]    |
[INFO] [stdout]    = note: expected fn pointer `fn(std::pin::Pin<&mut future_obj::LocalFutureObj<'a, T>>, &mut Context<'_>) -> std::task::Poll<_>`
[INFO] [stdout]               found fn pointer `fn(std::pin::Pin<&mut future_obj::LocalFutureObj<'a, T>>, &std::task::Waker) -> std::task::Poll<_>`
[INFO] [stdout] 
[INFO] [stdout] 
[INFO] [stdout] error[E0053]: method `poll` has an incompatible type for trait
[INFO] [stdout]    --> /opt/rustwide/cargo-home/registry/src/github.com-1ecc6299db9ec823/futures-core-preview-0.3.0-alpha.13/src/future/future_obj.rs:114:5
[INFO] [stdout]     |
[INFO] [stdout] 114 |     fn poll(self: Pin<&mut Self>, waker: &Waker) -> Poll<T> {
[INFO] [stdout]     |     ^^^^^^^^^^^^^^^^^^^^^^^^^^^^^^^^^^^^^^^^^^^^^^^^^^^^^^^ types differ in mutability
[INFO] [stdout]     |
[INFO] [stdout]     = note: expected fn pointer `fn(std::pin::Pin<&mut future_obj::FutureObj<'a, T>>, &mut Context<'_>) -> std::task::Poll<_>`
[INFO] [stdout]                found fn pointer `fn(std::pin::Pin<&mut future_obj::FutureObj<'a, T>>, &std::task::Waker) -> std::task::Poll<_>`
[INFO] [stdout] 
[INFO] [stdout] 
[INFO] [stderr]     Checking smallvec v0.6.8
[INFO] [stdout] error[E0308]: mismatched types
[INFO] [stdout]   --> /opt/rustwide/cargo-home/registry/src/github.com-1ecc6299db9ec823/futures-core-preview-0.3.0-alpha.13/src/future/mod.rs:86:19
[INFO] [stdout]    |
[INFO] [stdout] 86 |         self.poll(waker)
[INFO] [stdout]    |                   ^^^^^ types differ in mutability
[INFO] [stdout]    |
[INFO] [stdout]    = note: expected mutable reference `&mut Context<'_>`
[INFO] [stdout]                       found reference `&std::task::Waker`
[INFO] [stdout] 
[INFO] [stdout] 
[INFO] [stderr]     Checking want v0.0.6
[INFO] [stdout] error[E0308]: mismatched types
[INFO] [stdout]    --> /opt/rustwide/cargo-home/registry/src/github.com-1ecc6299db9ec823/futures-core-preview-0.3.0-alpha.13/src/future/future_obj.rs:118:44
[INFO] [stdout]     |
[INFO] [stdout] 118 |         LocalFutureObj::poll(pinned_field, waker)
[INFO] [stdout]     |                                            ^^^^^ types differ in mutability
[INFO] [stdout]     |
[INFO] [stdout]     = note: expected mutable reference `&mut Context<'_>`
[INFO] [stdout]                        found reference `&std::task::Waker`
[INFO] [stdout] 
[INFO] [stdout] 
[INFO] [stderr]    Compiling rand_pcg v0.1.1
[INFO] [stderr]    Compiling parking_lot_core v0.4.0
[INFO] [stdout] error[E0308]: mismatched types
[INFO] [stdout]    --> /opt/rustwide/cargo-home/registry/src/github.com-1ecc6299db9ec823/futures-core-preview-0.3.0-alpha.13/src/future/future_obj.rs:165:20
[INFO] [stdout]     |
[INFO] [stdout] 165 |         F::poll(p, waker)
[INFO] [stdout]     |                    ^^^^^ types differ in mutability
[INFO] [stdout]     |
[INFO] [stdout]     = note: expected mutable reference `&mut Context<'_>`
[INFO] [stdout]                        found reference `&std::task::Waker`
[INFO] [stdout] 
[INFO] [stdout] 
[INFO] [stdout] error[E0308]: mismatched types
[INFO] [stdout]    --> /opt/rustwide/cargo-home/registry/src/github.com-1ecc6299db9ec823/futures-core-preview-0.3.0-alpha.13/src/future/future_obj.rs:182:25
[INFO] [stdout]     |
[INFO] [stdout] 182 |         F::poll(future, waker)
[INFO] [stdout]     |                         ^^^^^ types differ in mutability
[INFO] [stdout]     |
[INFO] [stdout]     = note: expected mutable reference `&mut Context<'_>`
[INFO] [stdout]                        found reference `&std::task::Waker`
[INFO] [stdout] 
[INFO] [stdout] 
[INFO] [stderr]     Checking rand_hc v0.1.0
[INFO] [stdout] error[E0308]: mismatched types
[INFO] [stdout]    --> /opt/rustwide/cargo-home/registry/src/github.com-1ecc6299db9ec823/futures-core-preview-0.3.0-alpha.13/src/future/future_obj.rs:203:26
[INFO] [stdout]     |
[INFO] [stdout] 203 |             F::poll(pin, waker)
[INFO] [stdout]     |                          ^^^^^ types differ in mutability
[INFO] [stdout]     |
[INFO] [stdout]     = note: expected mutable reference `&mut Context<'_>`
[INFO] [stdout]                        found reference `&std::task::Waker`
[INFO] [stdout] 
[INFO] [stdout] 
[INFO] [stdout] error[E0308]: mismatched types
[INFO] [stdout]    --> /opt/rustwide/cargo-home/registry/src/github.com-1ecc6299db9ec823/futures-core-preview-0.3.0-alpha.13/src/future/future_obj.rs:225:26
[INFO] [stdout]     |
[INFO] [stdout] 225 |             F::poll(pin, waker)
[INFO] [stdout]     |                          ^^^^^ types differ in mutability
[INFO] [stdout]     |
[INFO] [stdout]     = note: expected mutable reference `&mut Context<'_>`
[INFO] [stdout]                        found reference `&std::task::Waker`
[INFO] [stdout] 
[INFO] [stdout] 
[INFO] [stderr]     Checking rand_xorshift v0.1.1
[INFO] [stderr]     Checking rand_isaac v0.1.1
[INFO] [stderr]     Checking lock_api v0.1.5
[INFO] [stdout] error: aborting due to 8 previous errors
[INFO] [stdout] 
[INFO] [stdout] 
[INFO] [stdout] Some errors have detailed explanations: E0053, E0308.
[INFO] [stdout] 
[INFO] [stdout] For more information about an error, try `rustc --explain E0053`.
[INFO] [stdout] 
[INFO] [stderr] error: could not compile `futures-core-preview`.
[INFO] [stderr] 
[INFO] [stderr] To learn more, run the command again with --verbose.
[INFO] [stderr] warning: build failed, waiting for other jobs to finish...
[INFO] [stderr] error: build failed
[INFO] running `Command { std: "docker" "inspect" "027fc94ce5e79d69f75843312c6f18f25bb7cb46828f72e3ed04e6d60a203e4b", kill_on_drop: false }`
[INFO] running `Command { std: "docker" "rm" "-f" "027fc94ce5e79d69f75843312c6f18f25bb7cb46828f72e3ed04e6d60a203e4b", kill_on_drop: false }`
[INFO] [stdout] 027fc94ce5e79d69f75843312c6f18f25bb7cb46828f72e3ed04e6d60a203e4b
